r when 123 is divided by (-4)/1*f/(-12).
11
Calculate the remainder when (-5)/(-10) + (-969)/(-6) is divided by 19.
10
Let i(s) = -4*s + 1. What is the remainder when 245 is divided by i(-10)?
40
Let u be 2 + 2 - (-2 - -4). Suppose 0 = -u*d + 8 - 2. What is the remainder when 11 is divided by d?
2
Let r(o) = 5*o**2 + 13*o + 1. Let i(n) = -5*n**2 - 12*n - 1. Let w(c) = -3*i(c) - 2*r(c). Calculate the remainder when w(-4) is divided by 11.
8
Let t(f) = 3*f - 1. Let m be t(0). Suppose -2*p + 31 + 111 = 3*s, -s + 42 = -2*p. Calculate the remainder when s is divided by 16 + 1/m + (-12)/(-12).
14
Suppose -15*a = -189 - 201. Suppose -s = -9 - 7. Calculate the remainder when a is divided by s.
10
Let g(o) = o**3 - 66*o**2 - 136*o + 73. What is the remainder when g(68) is divided by 92/6 - 1/3?
13
Suppose 2*x + 6*o = 10*o + 44, 5*x = -o + 66. What is the remainder when 529 is divided by x?
11
Let r be (-1 + -1)*(-180)/40. Suppose -6*y = r*y - 690. What is the remainder when y is divided by 7?
4
Let i(x) = 2*x**2 + 19*x + 3. Calculate the remainder when 932 is divided by i(-11).
32
Let i = -18 + 18. Suppose i = -r - 0*w - 2*w + 15, -27 = -3*r + 3*w. Let j = r + -7. Calculate the remainder when 13 is divided by j.
1
Suppose 4*n = 3*j + 72, 4*j + 7 - 51 = -4*n. What is the remainder when 96 is divided by n?
6
Let n = 0 - -2. Suppose n*f = -6 + 14. Suppose 0 = 2*o + 5*j - 35, 0 = -2*o + 2*j + 7 + 7. What is the remainder when o is divided by f?
2
Let r(n) = n**2 + 4*n + 6. Let u be r(-2). Suppose -u*t = 5*m - 163, 2*m + m - 102 = 3*t. What is the remainder when 64 is divided by m?
31
Let h(t) = -8*t + 12. Let q be h(-7). Calculate the remainder when 118 is divided by q/(-2)*2/(-4).
16
Let p = -7 - -19. Suppose -2*z = -5*x + 13, 14 = -x + 5*x + 2*z. Suppose -81 = -2*r + 2*s - 7, 117 = x*r - 5*s. Calculate the remainder when r is divided by p.
10
Let h = 566 - 458. Calculate the remainder when h is divided by 28.
24
Let a(g) = -3*g - 12. Let c(w) = -2*w**2 + 3*w + 4. Let s be c(3). Let q be a(s). Let k = q + 8. What is the remainder when 41 is divided by k?
8
Suppose 0 = -2*x + 1 + 7, -12 = -3*b - 3*x. Suppose b = 6*m - m - 340. Calculate the remainder when m is divided by (-2)/3 - (-355)/15.
22
Let w(v) = 37*v**3 - 2*v**2 + 4*v - 8. What is the remainder when w(2) is divided by 58?
56
Let x = -67 - -70. Let f(r) = 2*r**2 + 2*r - 15. Suppose 0 = -0*s - s + 3*v + 5, 3*s = 5*v + 31. What is the remainder when s is divided by f(x)?
8
Let g(y) = -6*y + 27. Let o be g(-6). Suppose -o = -5*k - 4*k. Let d = 36 - 11. Calculate the remainder when d is divided by k.
4
Suppose 3*a = 2*n + n + 255, 5*n = -3*a + 271. Let m = 53 + -43. Calculate the remainder when a is divided by m.
7
Let w be -2*1/8*-28. Suppose 0 = 5*v + 38 + w. Let j(k) = -k**2 - 9*k + 5. What is the remainder when 13 is divided by j(v)?
3
Let m(y) = 24*y**3 + 2*y**2 - 2*y + 1. Let z(s) = s**3 + 7*s**2 + 5*s + 7. Let i be z(-5). Let p = 79 - i. What is the remainder when p is divided by m(1)?
22
Let t(m) = -7*m + 11. Let r be t(6). Suppose -2*k + 35 - 3 = 2*i, -i + 21 = -4*k. Calculate the remainder when r*(-3 - -2) + 2 is divided by i.
16
Suppose 274 = 11*j - 1. Let k = 62 - j. Suppose 0 = -5*c + 2*f + 44, -c - 5 = -7*f + 2*f. What is the remainder when k is divided by c?
7
Suppose 732 = 12*j - 204. Calculate the remainder when 310 is divided by j.
76
Let t = -25 + 42. Let n(m) = 8*m - 6*m + 1 + m**2 - 47*m**3 + 0*m. Calculate the remainder when n(-1) is divided by t.
13
Let w(a) = -14 - 71*a + a**2 + 71*a. Calculate the remainder when 65 is divided by w(-6).
21
Suppose 26*z - 23*z - 201 = 0. Suppose -5*c - 17 = -z. Suppose -23 = -5*m + 162. Calculate the remainder when m is divided by c.
7
Let z = 129 + -48. Calculate the remainder when 163 is divided by z.
1
Let b(q) = -51*q**3 - q - 2. Let a be b(-1). Suppose 7*c - a = -8. Calculate the remainder when c is divided by 3.
0
Suppose -5*j - 4*g = -342, -13*j - 270 = -17*j - 5*g. Calculate the remainder when 277 is divided by j.
67
Let y = 158 - 145. Suppose -5*v = -4*l - 229, -4*v + 208 = -2*l + 5*l. Calculate the remainder when v is divided by y.
10
Let g = 1137 + -1119. What is the remainder when 125 is divided by g?
17
Let t = 151 + -46. Suppose 3 = -2*r + 13. Calculate the remainder when t is divided by -3 + 6 - r - -29.
24
Let q(z) = z**2 - 3*z**2 + 4*z**3 - 7*z**3. Let t = -46 - -44. What is the remainder when 46 is divided by q(t)?
14
Suppose h - 57 = -4*a, -2*a - 67 = -3*h + 146. What is the remainder when 125 is divided by h?
56
Suppose -5*a + 0*w - 20710 = -2*w, 0 = 4*a - 4*w + 16580. What is the remainder when (1*(-1)/2)/(46/a) is divided by 16?
13
Suppose -i = 4 - 49. Suppose -i = -5*r + 4*q, 0 = -2*r - 3*r + 2*q + 35. Calculate the remainder when 17 is divided by r.
2
Let f = -46 - -198. Suppose -16*j + f = -8*j. Calculate the remainder when 55 is divided by j.
17
Let d = 1060 - 788. Calculate the remainder when d is divided by 66.
8
Let l = -81 - -92. What is the remainder when 84 is divided by l?
7
Suppose 0 = -7*z + 2*z + 35. Let p be ((-6)/(-5))/((-39)/1430). Calculate the remainder when (-2)/(-11) + ((-7056)/p)/9 is divided by z.
4
Let m(y) = -y - 33. Let o be m(-5). What is the remainder when 88 is divided by 28/(-8)*6/(-7) - o?
26
Suppose 6 - 38 = -2*r. Calculate the remainder when 285 is divided by r.
13
Let h be (-1)/((-1)/3 - 0). Suppose -h*l - 5*x = -71, -3*l + 29 = -4*x - 6. Calculate the remainder when 67 is divided by l.
16
Suppose 10*u - 5*u - 1676 = -2*t, -4*t + 3308 = -u. What is the remainder when t is divided by 44?
36
Let z = 371 - 349. What is the remainder when 569 is divided by z?
19
Suppose 3*f - 40 = -3*b + 14, f + 2*b - 19 = 0. Calculate the remainder when 2*7*f/34 is divided by 2.
1
Let h = 264 - 255. Calculate the remainder when h is divided by 2.
1
Let q = 165 + -149. What is the remainder when 238 is divided by q?
14
Suppose 7*t = 11*t. Suppose -y + t*y + 6 = -c, 5*y = 3*c + 26. Calculate the remainder when 14 is divided by c + (-3 - -2) - -7.
2
Let j(f) = -f**3 - 6*f**2 - 8*f - 10. Let t be j(-5). Suppose 8*x + 24 = t*x. Calculate the remainder when (4/(-3))/(x/132) is divided by 6.
4
Let b be 108/15 + 2/(-10). Suppose b*r - 30 - 61 = 0. Let a(n) = 5*n**2 + n + 1. Calculate the remainder when a(2) is divided by r.
10
Suppose 159 = 15*a - 456. What is the remainder when (-1224)/(-10) - 4/10 is divided by a?
40
Let y(w) = 14*w + 23. Let r(m) = -14*m - 24. Let g(o) = -3*r(o) - 4*y(o). Calculate the remainder when g(-7) is divided by 27.
24
Suppose 3*m - 2*z - 47 = 0, 5*m + z - 91 = -2*z. Suppose -115*p + 9791 - 2316 = 0. Calculate the remainder when p is divided by m.
14
Let k = 186 + -105. Suppose 4*l = -5*b + k, -4*b = -0*b - l - 69. Suppose 2*j + b = q, -5*q + 76 = -3*j + 2*j. Calculate the remainder when q is divided by 6.
3
Suppose 0 = d - 5*l + 1 - 46, 10 = 5*l. Suppose 0 = 30*k - 28*k - 126. Suppose -4*q + k - 7 = 0. Calculate the remainder when d is divided by q.
13
Suppose p + p - 50 = 0. Let o(x) = -42*x. Let v be o(-1). Suppose -6*z + 0*z + v = 0. What is the remainder when p is divided by z?
4
Let c = 272 + -153. Let g = 125 - c. What is the remainder when 8 is divided by g?
2
Let a be (0 + 2)*(-20)/2. Let v = a - -14. What is the remainder when (6 - 16)*v/4 is divided by 6?
3
Suppose -b + 25 = -8. Let t(o) = -o**3 - 5*o**2 + 4*o - 5. What is the remainder when b is divided by t(-6)?
5
Let n = -1557 - -1567. Calculate the remainder when 139 is divided by n.
9
Suppose 0 = -5*w + 3*u + 343, -2*u = 31*w - 30*w - 79. Calculate the remainder when 424 is divided by w.
69
Let m = 373 - 565. Suppose 0 = 8*g + 2 + 38. What is the remainder when 28 is divided by (-2)/g + m/(-20)?
8
Let y = -62 + 47. Calculate the remainder when 133 is divided by (-3 - 188/(-60)) + (-508)/y.
31
Suppose -8*l = -5*k - 4*l + 170, 0 = 2*l. Let u(z) = -5*z - 1. What is the remainder when k is divided by u(-2)?
7
Let r = -175 + 475. What is the remainder when r is divided by 26?
14
Suppose -414*f + 397*f + 1547 = 0. Calculate the remainder when f is divided by 33.
25
Suppose 4*p + 35 - 199 = 0. Suppose 0 = -0*o + o. Suppose g = 4*d + p, o*g - 99 = -3*g + 4*d. What is the remainder when 55 is divided by g?
26
Let v(d) = d**3 - 8*